e remainder when c is divided by 37.
26
Suppose 0*j = -29*j - 5133. Let c = -96 - j. Calculate the remainder when c is divided by 4.
1
Let k be (1*-4)/(26/(-5) + 5). Suppose -9*h - k = -13*h, -3*h = 5*x - 280. What is the remainder when 158 is divided by x?
52
Let x(t) = 170*t + 1763. Let c = -8 + 16. Calculate the remainder when x(-10) is divided by c.
7
Let g(f) = 790*f - 5943. Calculate the remainder when 781 is divided by g(8).
27
Suppose 0 = -5*h + 8*h - 3, -2*x + 3*h = 479. Let d = x + 325. Let t = 74 - 44. Calculate the remainder when d is divided by t.
27
Suppose 74*m - 26085 - 87464 = -10097. What is the remainder when m is divided by 28?
26
Suppose 20*j + 10928 = 35368. Suppose -24*b + j = -11*b. What is the remainder when b is divided by 34?
26
Let l = -94 - -98. Suppose 0 = -a - d + l + 7, -d + 32 = 4*a. What is the remainder when 27 is divided by a?
6
Let n = 77 - 109. Let i be n/80 - (-762)/5. Suppose 4*w - i - 320 = 0. Calculate the remainder when w is divided by 30.
28
Suppose -5903 = 171*l - 33263. Calculate the remainder when 21438 is divided by l.
158
Let l = -45 - -49. Suppose 4*k + o - 253 = 0, 0 = -l*k - 5*o + 87 + 186. Calculate the remainder when k is divided by (-6)/10 + (-1630)/(-50).
30
Let d = -698 + 5825. What is the remainder when d is divided by 18?
15
Let l(r) = 1622*r**2 - 248*r - 496. Calculate the remainder when l(-2) is divided by 5.
3
Suppose -2*b = -4*a + 8, -a - 2*a = -5*b - 6. Suppose 3*h - a - 34 = 0. Suppose h*w = 15*w - 51. What is the remainder when 49 is divided by w?
15
Suppose -8*l - 30*l = -3192. What is the remainder when 127 is divided by l?
43
Suppose 61*c - 60*c + 2551 = 3*d, 2*d + c - 1689 = 0. Calculate the remainder when d is divided by 170.
168
Let d(m) = m**2 - 21*m - 423. Calculate the remainder when 2468 is divided by d(35).
56
What is the remainder when ((-5352)/20)/(36/(-240)) is divided by 58?
44
Let h(g) = 2*g - 7. Let x be 3 - (-10972)/20 - (-36)/(-60). Let q = x - 546. Calculate the remainder when q is divided by h(5).
2
Suppose -4*k = 24, 0 = 55*g - 51*g + 3*k - 38. Let t = -50 + 89. What is the remainder when t is divided by g?
11
Let z be 8/4 - 15/(5/1). Let n(y) = 35*y**2 + 2*y + 1. Calculate the remainder when n(z) is divided by 9.
7
Suppose 13*m - 4*m = 360. Let z be ((-24)/16)/(6/m) - 1. Let p = 8 - z. What is the remainder when 92 is divided by p?
16
Let u(s) = 3*s**2 - 70*s + 20. What is the remainder when u(-15) is divided by 97?
96
Calculate the remainder when (-1798)/116*(-4 + 2) is divided by 4.
3
Suppose 0 = -4*s + s - 15, 4*s + 2100 = 5*w. Suppose -3*v + 7*r + w = 2*r, 2*v - 268 = r. What is the remainder when v is divided by 19?
18
Let a = -276 - -290. Calculate the remainder when 1956 is divided by a.
10
Suppose 751 + 465 = 32*i. What is the remainder when 101 is divided by i?
25
Let q(v) = -v**2 - 9*v - 4. Let n = 19 + 2. Suppose 4*p - n = 7*p. What is the remainder when 26 is divided by q(p)?
6
Let i = 3819 - 3159. What is the remainder when i is divided by 198?
66
Suppose -3*l = -3*m - 96, -4*m - 141 + 9 = -2*l. Let t = m - -34. Suppose t = -0*h + 5*h - 185. What is the remainder when 71 is divided by h?
34
Let j be 2/10 - 634470/(-150). Calculate the remainder when 186 is divided by (((-9)/(-2))/(-3))/((-135)/j).
45
Suppose 0 = -3*m + o + 939, -m + 227 = -o - 86. Calculate the remainder when 1895 is divided by m.
17
Let r = -1318 - -1909. Calculate the remainder when r is divided by 149.
144
Suppose 5732 = 2*p - s, 0 = -35*p + 38*p + s - 8598. What is the remainder when p is divided by 25?
16
Suppose -534 = -4*q + 918. Suppose 89 = -2*s + q. Calculate the remainder when s is divided by (-6 - (0 - -1))/((-86)/430).
32
Let o be 13 + (4 - (-25)/10*-4). Suppose -n + 223 = -5*n - 3*s, -2*n = -3*s + 89. Calculate the remainder when (n/(-4))/(1/o) is divided by 19.
15
Suppose 3*k - 17 = 13. Let w = k - 5. Let x(c) = 14*c**2 - 140*c + 256. Calculate the remainder when x(8) is divided by w.
2
Let w = -1750 - -830. Calculate the remainder when (1/4 - w/32) + 4 is divided by 20.
13
Calculate the remainder when 236 - (1 + (-102)/(-6)) is divided by 99.
20
Let g be (2 - 4)/(3/(27/6)). Let f = -136 - -142. What is the remainder when g/(-15) + 556/20 is divided by f?
4
Suppose 10 - 10 = p. Suppose p = 6*a + 13 - 55. What is the remainder when 474 is divided by a?
5
Let r(j) = 28*j + 81. Let p be r(-6). Let u = p - -104. Suppose 2*o + 27 = 157. What is the remainder when o is divided by u?
14
Suppose -111*m - 2*k = -116*m + 18186, -m = 2*k - 3642. What is the remainder when m is divided by 13?
11
Suppose -2*v + 0*v = -8. Let f(t) = -3 + v + 9*t + 28*t - 2. Calculate the remainder when f(2) is divided by 25.
23
Suppose -22*o - 665 = -29*o. Suppose 12 - 147 = -5*p. What is the remainder when o is divided by 2 - (-5 + p/(-3))?
15
Let i be (-8 + (-232)/(-32))*(9 + -1). Calculate the remainder when 2 is divided by 5*1/15*(i + 12).
0
Suppose -1182 = -5*p - 3*w, -7*p + 12*p - 1181 = -4*w. Suppose -2*f + 4*i + 79 = -p, 3*f + i = 460. Calculate the remainder when f is divided by 16.
10
Let u be -14 + 14 + 21/(-3). Let k = u + 53. What is the remainder when k is divided by 17?
12
Let d(a) = -10*a**3 - 2*a**2 - 11*a - 19. What is the remainder when d(-2) is divided by 39?
36
Suppose 0 = -3*s + 7*t - 8*t + 392, 0 = 4*s - 3*t - 527. What is the remainder when s is divided by 51?
29
Suppose -10 = 3*w - 1. Let b be w + 2 - (1 - 122). Suppose 3*s - 2*j - 71 = 0, 5*s - b = j + 4*j. What is the remainder when s is divided by 8?
7
Suppose 848 = 14*m - 6. Suppose 2*a - t = -2*a + 60, 2*t + 15 = a. What is the remainder when m is divided by a?
1
Let w be (8/3 - 4)*3/2. Let j be -2 + 1 + w - (-7 + 2). Suppose j*g + 24 = 6*g. Calculate the remainder when 22 is divided by g.
4
Suppose 352917 = 22*d - 129345. What is the remainder when d is divided by 261?
258
Suppose 3*x - 386 = -3*j + 5*x, x + 634 = 5*j. Suppose -6424 = -12*y - 10*y. Let g = 324 - y. What is the remainder when j is divided by g?
30
Suppose p + 3*p - 452 = 0. Calculate the remainder when p is divided by 20/(-16)*812/(-35).
26
Suppose 59*y - 202 - 1948 - 1095 = 0. Calculate the remainder when y is divided by 9.
1
Let k(w) be the second derivative of -w**4/12 - 11*w**3/6 - w**2/2 + 3*w - 2. What is the remainder when 78 is divided by k(-7)?
24
Suppose 0*z + 373 = 3*i + 5*z, 0 = i - z - 135. Let d = i - 100. Calculate the remainder when d is divided by 14 - 1/(3/(-6)).
15
Suppose 0 = -2*h - 4*h. Suppose h = 19*b - 20*b + 400. Calculate the remainder when b/(-28)*21/(-6) is divided by 13.
11
Suppose d + 0 - 2 = 0. Let k(s) = -50*s + 8356. Calculate the remainder when k(167) is divided by d.
0
Suppose 20*l = 25*l - 4*z - 100, 5*z = -3*l + 23. Calculate the remainder when 1503 is divided by l.
15
Let p(g) = 3*g + 14. Let f be p(-10). Let u be (8/f)/(3/(-126)). Suppose -u = -2*s + 3. What is the remainder when 203 is divided by s?
11
Let m(b) = -b**2 - 7*b + 24. Let y be m(-9). Suppose 5*i = -4*v + 145, -3*i + 119 = y*v - 10*v. What is the remainder when 158 is divided by i?
26
Let j = 1962 - 1928. Suppose -23 = -l + 17. Let s = l - j. Calculate the remainder when 6 is divided by s.
0
Let l be (-62 - -63)/(2/6). Calculate the remainder when 7/3*(l + -4)*-9 is divided by 10.
1
Let q = 8527 + -8361. What is the remainder when 958 is divided by q?
128
Let b = 6730 + -5005. Calculate the remainder when b is divided by 144.
141
Let u(h) = 17*h**2 + 3*h + 2. What is the remainder when u(-2) is divided by -9 - ((-897)/21 - (-20)/(-70))?
30
Suppose -49*y + 5*g = -43*y - 82, -4*y + 48 = -5*g. Suppose -q - 6 = -45. Calculate the remainder when q is divided by y.
5
Let q(u) = 2*u**2 + 4*u + 12. Let z be q(-8). Let p(r) = -r**2 - 9*r + 3. Let l be p(6). Let k = z + l. Calculate the remainder when k is divided by 12.
9
Let z(x) = -x**3 + 68*x**2 - 125*x + 11. Calculate the remainder when 4/10 + 686/10 is divided by z(2).
19
Let s = 21 + -17. Let b = 65 - s. Let t(p) = 15*p + 16. Calculate the remainder when b is divided by t(1).
30
Suppose 27 = 3*f - 279. Let c = f - -32. Calculate the remainder when c is divided by 27.
26
Calculate the remainder when 2541143/2033 - 2/(-38) is divided by 139.
138
Suppose 0 = 5*u - 2*u - 51. Let p = 509130 - 50903